 - 26206*g - 165. Calculate q(224).
283
Let s(l) = -14*l**3 + 585*l**2 + 1165*l - 7. Give s(-2).
115
Let p(b) = 326*b**2 + 99754*b - 610. Give p(-306).
2
Let k(m) = -m**3 - 111*m**2 - 1532*m - 168. What is k(-95)?
972
Let y(r) = -23*r**2 + 270*r - 453. What is y(9)?
114
Let b(x) = -178*x**2 - 11407*x - 14. Calculate b(-64).
946
Let x(b) = -b**3 - 78*b**2 + 3060*b - 4585. Calculate x(-107).
16
Let y(b) = b**3 + 115*b**2 + 109*b + 839. What is y(-114)?
1409
Let i(h) = -188924*h + 566760. Give i(3).
-12
Let n(u) = 80380*u - 1527270. Give n(19).
-50
Let t(f) = -f**3 + 70*f**2 - 9*f + 758. Calculate t(70).
128
Let o(i) = 2*i**3 - 46*i**2 - 2395*i - 225. What is o(48)?
15
Let q(z) = 33*z**2 - 125*z - 376. What is q(6)?
62
Let i(s) = -5147*s + 9381. What is i(3)?
-6060
Let b(j) = 2796*j + 1297338. Determine b(-464).
-6
Let o(p) = p**3 - 174*p**2 - 947*p + 9231. Determine o(179).
-77
Let q(o) = -o**2 + 1189*o + 69996. Give q(-56).
276
Let s(n) = -n**2 + 56*n + 2564. Determine s(90).
-496
Let l(b) = 722*b**2 + 32492*b + 88. What is l(-45)?
-2
Let q(c) = -c**2 + 52*c + 4585. Calculate q(94).
637
Let m(x) = -3*x**3 + 487*x**2 + 162*x + 26748. Give m(163).
16
Let m(w) = -23630*w + 259327. Determine m(11).
-603
Let j(d) = 9354*d + 224450. What is j(-24)?
-46
Let f(c) = c**3 - 545*c**2 - 44425*c - 128. What is f(-72)?
-56
Let u(f) = 23*f**3 - 40*f**2 + 106*f + 3. Determine u(3).
582
Let o(t) = -22753*t - 5. Determine o(0).
-5
Let v(m) = 52*m**2 + 5094*m - 202. Determine v(-98).
-6
Let k(c) = 15960*c - 175536. Give k(11).
24
Let v(s) = 58*s**2 - 5684*s - 823. Give v(98).
-823
Let q(c) = 180*c - 1748. Determine q(3).
-1208
Let w(t) = 105*t**2 - 8092*t + 538. Determine w(77).
-1
Let g(s) = 3*s**2 + 1808*s + 26468. Give g(-15).
23
Let y(g) = g**3 - 14088*g**2 - 451844*g - 126. Determine y(-32).
2
Let l(n) = -2814*n + 38944. Give l(14).
-452
Let p(a) = -1374*a - 15241. Give p(-11).
-127
Let n(u) = -145*u - 12558. Give n(-93).
927
Let g(y) = -93396*y - 653752. Give g(-7).
20
Let n(a) = 2*a**3 - 131*a**2 + 351*a - 36955. Give n(67).
29
Let v(z) = -z**3 + 75*z**2 + 56*z - 513. Determine v(76).
-2033
Let o(n) = 2*n**2 + 135*n - 11674. Give o(50).
76
Let w(d) = 9*d**3 - 315*d**2 - 966*d - 2319. Determine w(38).
-39
Let l(y) = y**3 - 99*y**2 - 449*y + 53605. Give l(98).
-1
Let y(x) = -14*x**3 + 222*x**2 - 41*x - 108. What is y(15)?
1977
Let a(b) = 3*b**2 + 192*b + 2345. Calculate a(-49).
140
Let c(h) = 290*h + 20037. Calculate c(-66).
897
Let t(b) = -29541*b - 88627. What is t(-3)?
-4
Let d(f) = -83*f**2 - 477*f + 704. Determine d(-7).
-24
Let n(w) = -91*w + 3969. Give n(37).
602
Let w(v) = 5*v**2 + 38*v - 786. Calculate w(11).
237
Let o(h) = -1492*h + 55158. What is o(37)?
-46
Let x(l) = -2*l**3 - 323*l**2 - 14120*l - 2313675. Determine x(-162).
9
Let w(f) = 2*f**3 + 9*f**2 + 45*f + 285. What is w(-5)?
35
Let l(w) = -96*w**2 - 8698*w - 5211. What is l(-90)?
9
Let g(s) = 2*s**2 - 7260*s - 36337. Determine g(-5).
13
Let w(a) = a**2 - 22476*a - 1352172. What is w(-60)?
-12
Let d(n) = -3*n**2 - 10*n + 521. What is d(-18)?
-271
Let g(b) = 71223*b + 14244605. Give g(-200).
5
Let j(s) = 5962*s + 17704. Determine j(-3).
-182
Let k(n) = 15*n - 923. Give k(48).
-203
Let d(r) = 53*r**2 + 394*r - 1572. Calculate d(4).
852
Let x(u) = u**3 - 2395*u**2 - 2791071*u + 2575. Calculate x(-858).
1
Let p(s) = -9*s**2 - 97*s + 116. What is p(-10)?
186
Let p(a) = -20*a - 4286. Calculate p(-214).
-6
Let f(v) = v**3 + 76*v**2 + 1400*v - 35. What is f(-43)?
782
Let l(k) = -31*k**3 - 2593*k**2 + 917*k - 470. Calculate l(-84).
118
Let p(h) = 464*h - 36667. Calculate p(79).
-11
Let g(b) = -7*b**3 - 9*b**2 + 6418*b + 12835. What is g(-2)?
19
Let a(m) = 55348*m + 2878108. Determine a(-52).
12
Let q(l) = 11*l**2 - 143*l + 764. Give q(7).
302
Let q(i) = -12103*i + 72977. Give q(6).
359
Let y(n) = 7955*n + 127257. Give y(-16).
-23
Let s(q) = 2*q**3 + 242*q**2 - 228*q - 27594. What is s(-121)?
-6
Let p(g) = -55*g**2 + 99*g + 833. Determine p(5).
-47
Let i(o) = 8278*o - 529831. What is i(64)?
-39
Let l(y) = 155*y**2 + 424*y - 115. Determine l(-3).
8
Let p(t) = -8*t**2 + 6971090*t + 6971091. Give p(-1).
-7
Let y(a) = -2*a**3 - 620*a**2 + 1533*a + 88904. Determine y(-312).
-16
Let t(l) = -361*l - 495. What is t(-2)?
227
Let r(k) = -14576*k + 728894. Give r(50).
94
Let t(a) = 55143*a - 1047708. Give t(19).
9
Let a(c) = -4*c**3 + c**2 - 415*c - 833. Give a(-2).
33
Let i(h) = -6*h**2 - 2013*h - 59080. Determine i(-303).
5
Let b(h) = -242*h**2 - 30250*h + 46. What is b(-125)?
46
Let d(t) = -t**2 + 1297*t - 210339. Determine d(190).
-9
Let n(w) = -w**3 - 83*w**2 - 1479*w + 35. Give n(-26).
-43
Let z(p) = 8842*p + 203274. Determine z(-23).
-92
Let m(u) = 11520*u + 380147. Determine m(-33).
-13
Let v(k) = 7*k**2 + 14385*k - 305181. Determine v(21).
-9
Let u(n) = n**2 - 13312*n - 133176. Calculate u(-10).
44
Let z(g) = -8035*g + 401728. What is z(50)?
-22
Let t(q) = 2*q**3 + 47*q**2 + q + 234. Determine t(-21).
2418
Let l(r) = 7037*r + 35075. Give l(-5).
-110
Let j(b) = -b**2 - 6839*b - 251651. Determine j(-37).
23
Let t(w) = -w**3 - 46*w**2 - 224*w - 3917. Determine t(-43).
168
Let i(g) = -30*g**3 - 2399*g**2 + 158*g + 6243. Calculate i(-80).
3
Let f(b) = -16*b**2 - 1254*b - 2493. Determine f(-2).
-49
Let u(h) = -57*h**3 + 18*h**2 + 7*h + 8. What is u(-2)?
522
Let v(s) = -1013*s - 2944. Give v(-4).
1108
Let o(c) = c**3 - 25*c**2 + 74*c - 386. Give o(23).
258
Let c(g) = 11*g**2 + 201*g + 2523. Determine c(-19).
2675
Let s(z) = -3*z**3 - 368*z**2 - 211*z + 4028. What is s(-122)?
2
Let c(n) = 6*n**2 + 305*n + 926. Give c(-3).
65
Let t(v) = -1961*v**2 - 12853*v + 25702. Calculate t(2).
-7848
Let v(n) = -620*n - 47860. Determine v(-76).
-740
Let t(v) = 289*v**2 - 2074*v + 3564. Calculate t(3).
-57
Let a(f) = f**3 - 12*f**2 - 31*f - 30. Determine a(-9).
-1452
Let z(k) = 7*k**2 - 4136*k + 16468. Calculate z(4).
36
Let l(j) = -7*j**3 + 55*j**2 - 235*j + 1913. What is l(8)?
-31
Let f(q) = -q**2 + 282*q + 6699. Determine f(-22).
11
Let f(m) = 84*m**2 - 31*m - 123. Give f(-4).
1345
Let w(z) = 26046*z + 677197. Give w(-26).
1
Let h(z) = 4*z**3 + 332*z**2 + 636*z - 640. Calculate h(-81).
332
Let k(r) = -297*r**2 + 2077*r + 16. Give k(7).
2
Let r(o) = -20109*o - 180947. Give r(-9).
34
Let t(w) = w**2 + 160*w + 4914. Determine t(-119).
35
Let q(w) = -w**2 - 153*w - 1054. Determine q(-7).
-32
Let d(x) = -11301*x + 67808. What is d(6)?
2
Let t(y) = -6*y**2 - 159*y + 893. What is t(-30)?
263
Let d(o) = -4*o**2 + 33*o + 5146. Calculate d(40).
66
Let u(p) = -p**3 - 301*p**2 - 14979*p + 3606. What is u(-238)?
36
Let b(w) = 358*w**2 - 3538*w - 417. Calculate b(10).
3
Let u(p) = -6026*p - 5085935. Give u(-844).
9
Let n(j) = 16261*j + 13. Determine n(0).
13
Let s(w) = -238*w - 13453. What is s(-57)?
113
Let p(l) = l**3 + 217*l**2 + 668*l + 4780. Determine p(-214).
-784
Let i(s) = -2*s**3 - 79*s**2 - 195*s - 9378. Give i(-40).
22
Let j(f) = -8*f**2 - 4019*f + 28523. Give j(7).
-2
Let d(q) = -24*q**2 - 380*q - 1494. What is d(-10)?
-94
Let z(q) = 3*q**3 + 1072*q**2 - 7677*q + 120. What is z(7)?
-62
Let n(a) = a**3 + 88*a**2 + 893*a + 1088. Calculate n(-10).
-42
Let c(v) = -2*v**2 - 4407*v - 8819. Determine c(-2).
-13
Let n(h) = 1240*h**2 - 2457*h - 35. Calculate n(2).
11
Let p(d) = 3*d**2 + 456*d + 5050. Determine p(-140).
10
Let d(h) = -1398*h + 9813. Give d(7).
27
Let p(a) = -2627*a + 11896. What is p(5)?
-1239
Let i(n) = -2*n**2 + 4671*n - 46473. Give i(10).
37
Let l(h) = -3*h**3 - 647*h**2 - 1064*h + 1804. Determine l(-214).
520
Let q(u) = -148*u**2 + 23089*u - 207. What is q(156)?
-51
Let k(o) = -7*o**3 + 179*o**2 + 71*o - 9. Determine k(26).
-191
Let j(c) = -12*c**3 + 1027*c**2 - 597*c + 152. Give j(85).
-18
Let b(k) = 4*k**3 - 332*k**2 - 52*k + 4319. Give b(83).
3
Let r(y) = 3*y**2 - 3260*y + 787725. What is r(724)?
13
Let g(k) = -87*k**2 - 92*k + 647. Give g(2).
115
Let r(c) = -11435*c - 446012. What is r(-39)?
-47
Let p(b) = -5*b**3 + 324*b**2 - 978*b - 9. Calculate p(3).
-162
Let o(r) = 67*r**3 + r**2 - 6*r - 26. Determine o(-3).
-1808
Let v(p) = -1231*p - 14768. Give v(-12).
4
Let i(r) = 42*r**2 + 392*r + 19. What is i(-9)?
-107
Let y(w) = 1062*w + 149751. What is y(-141)?
9
Let r(t) = 2*t**3 + 1895*t**2 - 1423*t - 45028